{"id":24,"date":"2012-10-18T09:52:21","date_gmt":"2012-10-18T09:52:21","guid":{"rendered":"http:\/\/jacquette.net\/meta\/?page_id=24"},"modified":"2015-07-01T13:34:10","modified_gmt":"2015-07-01T13:34:10","slug":"charlotte-delaporte","status":"publish","type":"page","link":"https:\/\/www.metamarseille.fr\/?page_id=24","title":{"rendered":"Charlotte Delaporte"},"content":{"rendered":"<p><span style=\"color: #cd0c2d;\"><strong>Charlotte Delaporte<\/strong><\/span> d\u00e9veloppe simultan\u00e9ment un travail de chor\u00e9graphe, d\u2019interpr\u00e8te, d\u2019assistante pour la danse et le th\u00e9\u00e2tre et d\u2019enseignante, car elle n\u2019a jamais dissoci\u00e9 cr\u00e9ation et formation.<\/p>\n<p>Depuis 2008,<span style=\"color: #800080;\"> <strong><span style=\"color: #cd0c2d;\">elle d\u00e9veloppe un axe plus sp\u00e9cifiquement d\u00e9di\u00e9 aux com\u00e9diens(nes)<\/span>.<\/strong><\/span> A la demande de metteurs en sc\u00e8ne, elle r\u00e8gle mouvements de sc\u00e8nes et parties chor\u00e9graphiques.<\/p>\n<ul>\n<li>Avec Laurent Cugny<\/li>\n<\/ul>\n<p style=\"padding-left: 60px;\">assistante \u00e0 la mise en sc\u00e8ne et direction du mouvement de l&rsquo;op\u00e9ra\/jazz\u00a0 <a title=\"photos, vid\u00e9os\" href=\"https:\/\/www.metamarseille.fr\/?page_id=77\"><em>La tectonique des nuages<\/em><\/a> de Laurent Cygny, mise en sc\u00e8ne Fran\u00e7ois Rancillac, direction musicale Laurent Cugny avec David Linx, La\u00efka Fatien et Yann-Ga\u00ebl Poncet pr\u00e9sent\u00e9 au Th\u00e9\u00e2tre Graslin de Nantes et \u00e0 Grand Th\u00e9\u00e2tre d&rsquo;Angers (mars &#8211; avril 2015).<\/p>\n<ul>\n<li>Avec <strong><a href=\"http:\/\/www.akademia.fr\/\" target=\"_blank\">Akad\u00eamia<\/a><\/strong>, direction Fran\u00e7oise Lasserre,<\/li>\n<\/ul>\n<p style=\"padding-left: 60px;\">collaboration chor\u00e9graphique et assistante \u00e0 la mise en sc\u00e8ne sur<em><a title=\"photos, vid\u00e9os\" href=\"https:\/\/www.metamarseille.fr\/?page_id=77\"><span style=\"color: #000000;\"> l&rsquo;op\u00e9ra<\/span> Orf\u00e9o par del\u00e0 le Gange<\/a>,<\/em> mise en sc\u00e8ne de Fran\u00e7ois Rancillac, pr\u00e9sent\u00e9 \u00e0 l&rsquo;Auditorium Kamani \u00e0 Delhi (septembre 2013) et \u00e0 la Cit\u00e9 de la musique \u00e0 Paris (octobre 2013).<\/p>\n<ul>\n<li>Avec la<strong><a href=\"http:\/\/www.verdastrodellamonica.com\/\" target=\"_blank\"> Cie Verdastro Della Monica<\/a><\/strong> de Florence dirig\u00e9 par Massimo Verdastro,\u00a0 collaboration aux mouvements de sc\u00e8ne sur :<\/li>\n<\/ul>\n<p style=\"padding-left: 60px;\">&#8211; le<a title=\"photos, vid\u00e9os\" href=\"https:\/\/www.metamarseille.fr\/?page_id=77\"><em> Satyricon<\/em><\/a>, vision contemporaine du texte de P\u00e9trone par 6 auteurs italiens. Entre 2008 et 2012, ces divers \u00e9pisodes sont pr\u00e9sent\u00e9s au festival Fabbricca Europa (mai 2009), \u00a0festival de Cascina (juin 2010), \u00a0festival de Calenzano (septembre 2010) ;\u00a0 en version compl\u00e8te de 4 heures au Teatro Vascello Rome (avril 2012) et au Festival Tramedautore au Piccolo teatro Grassi de Milan (septembre 2012).<br \/>\n&#8211; <em>Saffo o il volo dell&rsquo;acrobata<\/em> inspir\u00e9 de Marguerite Yourcenar avec Manuela Kustermann pr\u00e9sent\u00e9 au Teatro Vascello \u00e0 Rome (mai 2013).<\/p>\n<ul>\n<li>Avec la <strong><a href=\"http:\/\/www.lefilrougetheatre.com\/\" target=\"_blank\">Cie le Fil Rouge<\/a><\/strong> Th\u00e9\u00e2tre de Strasbourg,<\/li>\n<\/ul>\n<p style=\"padding-left: 60px;\">&#8211; collaboration \u00e0 diff\u00e9rentes <a title=\"photos, vid\u00e9os\" href=\"https:\/\/www.metamarseille.fr\/?page_id=77\">cr\u00e9ations<\/a> mises en sc\u00e8ne par Eve Ledig depuis 2008,<br \/>\n&#8211; intervention sur le mouvement lors des stages Afdas\u00a0<em>Th\u00e9\u00e2tre chant\u00e9, un ch\u0153ur en mouvement<\/em> (une mani\u00e8re de conjuguer le th\u00e9\u00e2tre, le chant et le mouvement) \u00e0 Strasbourg (juillet 2010 et ao\u00fbt 2013).<\/p>\n<p><span style=\"color: #cd0c2d;\"><strong>Parall\u00e8lement, elle poursuit son projet\u00a0<em>Qui veut interpr\u00e9ter le solo multiple\u00a0?<\/em><\/strong> <\/span>avec le vid\u00e9aste St\u00e9phane Metge. Ensemble, ils cr\u00e9ent des soli vid\u00e9ographiques liant la cr\u00e9ation et la transmission. Trois soli sont produits lors d&rsquo;une r\u00e9sidence de cr\u00e9ation \u00e0 la G\u00e9n\u00e9rale en Manufacture de S\u00e8vres et d&rsquo;une autre \u00e0 Strasbourg D\u00e9partement Danse de la ville.<\/p>\n<p><a href=\"http:\/\/jacquette.net\/meta\/wp-content\/uploads\/2012\/10\/photos-essais-soloNB.jpg\"><img loading=\"lazy\" class=\"alignnone size-full wp-image-164\" title=\"photos essais soloNB\" src=\"http:\/\/jacquette.net\/meta\/wp-content\/uploads\/2012\/10\/photos-essais-soloNB.jpg\" alt=\"\" width=\"599\" height=\"480\" srcset=\"https:\/\/www.metamarseille.fr\/wp-content\/uploads\/2012\/10\/photos-essais-soloNB.jpg 599w, https:\/\/www.metamarseille.fr\/wp-content\/uploads\/2012\/10\/photos-essais-soloNB-300x240.jpg 300w, https:\/\/www.metamarseille.fr\/wp-content\/uploads\/2012\/10\/photos-essais-soloNB-374x300.jpg 374w\" sizes=\"(max-width: 599px) 100vw, 599px\" \/><\/a><\/p>\n<p>En r\u00e9sidence pendant deux ans \u00e0 la Fa\u00efencerie-Th\u00e9\u00e2tre de Creil, elle cr\u00e9e, <span style=\"color: #800080;\"><strong><span style=\"color: #cd0c2d;\">en collaboration avec Edwige Wood<\/span><\/strong><\/span>, 3 pi\u00e8ces tout public. Ces spectacles b\u00e9n\u00e9ficient d\u2019une large diffusion en France (1999-2009) avec environ 300 repr\u00e9sentations (Tipi Beaubourg, Sc\u00e8nes Nationales, Sc\u00e8nes Conventionn\u00e9es Danse, Bruges Capitale Europ\u00e9enne de la Culture).<\/p>\n<p>Form\u00e9e \u00e0 diverses techniques de danse contemporaine, dont celle de Nikola\u00efs \u00e0 travers l\u2019enseignement de Carolyn Carlson, elle est l<strong>\u2019<span style=\"color: #cd0c2d;\">interpr\u00e8te<\/span><\/strong> de Karine Saporta, Sidonie Rochon et Ma\u00eft\u00e9 Fossen (1980-1988).<\/p>\n<p>Dans le m\u00eame temps, elle est l\u2019<span style=\"color: #cd0c2d;\"><strong>assistante<\/strong><\/span> de Karine Saporta, d\u2019Isnel da Silveira et de Lorraine Gomes (1987-1990).<\/p>\n<p><span style=\"color: #cd0c2d;\"><strong>Elle chor\u00e9graphie par ailleurs 5 soli : <\/strong><\/span><em>Rituel<\/em>\u00a0; <em>Iynx\u00a0<\/em>; <em>Cerceau<\/em>\u00a0; <em>P\u00e9one<\/em>\u00a0; <em>Errance<\/em> (1978-1984) et plus r\u00e9cemment <em>Low\u00a0Fi\u00a0Woman <\/em>(2004-2005) et r\u00e9alise des performances en solo dans des galeries d\u2019art en France et en Italie.<strong> \u00a0\u00a0\u00a0\u00a0\u00a0\u00a0\u00a0\u00a0\u00a0\u00a0\u00a0\u00a0\u00a0\u00a0\u00a0\u00a0\u00a0\u00a0 <\/strong><\/p>\n<p><span style=\"color: #cd0c2d;\"><strong>ainsi que des pi\u00e8ces pour plusieurs danseurs :<\/strong><\/span><strong> <\/strong><em>33mn33<\/em> (duo) Th\u00e9\u00e2tre de La Bastille Paris, Etoile du Nord Paris\u00a0; <em>Sogni d\u2019oro<\/em> (trio) Th\u00e9\u00e2tre 13 Paris ; <em>Sogni d\u2019oro n\u00b02<\/em> (quatuor et images vid\u00e9o) Gubbio ; <em>Viaggio verso l\u2019alba<\/em> (quatuor) cr\u00e9\u00e9 en Sardaigne apr\u00e8s 4 mois de r\u00e9sidence (1983-1986).<\/p>\n<p><strong><\/strong><span style=\"color: #cd0c2d;\"><strong>En stages et en ateliers, elle enseigne<\/strong><\/span> aux \u00e9tudiants de Paris VIII (1975-1986).<strong><em><\/em><\/strong> Elle co-dirige avec Edwige Wood (chor\u00e9graphe) et Christian Capelli (vid\u00e9aste) un atelier sur le mouvement et l\u2019image dans le service p\u00e9diatrique de l\u2019h\u00f4pital La\u00ebnnec de Creil dans le cadre de <em>Culture et Sant\u00e9<\/em> (2002-2004).<\/p>\n<p>Dans le cadre d\u2019un projet <em>Politique de la Ville<\/em>, trois semaines de rencontres se d\u00e9roulent autour du mouvement entre adultes, de tous \u00e2ges, et enfants au Th\u00e9\u00e2tre Dunois \u00e0 Paris (2002-2003).<\/p>\n<p>Depuis 6 ans, elle travaille plus sp\u00e9cifiquement avec des com\u00e9diens et com\u00e9diennes, chanteurs et chanteuses en instance ou en cours de cr\u00e9ation.<\/p>\n<p><a href=\"http:\/\/jacquette.net\/meta\/wp-content\/uploads\/2012\/10\/photo1bis.jpg\"><img loading=\"lazy\" class=\"alignnone size-full wp-image-120\" title=\"photo1bis\" src=\"http:\/\/jacquette.net\/meta\/wp-content\/uploads\/2012\/10\/photo1bis.jpg\" alt=\"\" width=\"584\" height=\"370\" srcset=\"https:\/\/www.metamarseille.fr\/wp-content\/uploads\/2012\/10\/photo1bis.jpg 584w, https:\/\/www.metamarseille.fr\/wp-content\/uploads\/2012\/10\/photo1bis-300x190.jpg 300w, https:\/\/www.metamarseille.fr\/wp-content\/uploads\/2012\/10\/photo1bis-473x300.jpg 473w\" sizes=\"(max-width: 584px) 100vw, 584px\" \/><\/a><\/p>\n","protected":false},"excerpt":{"rendered":"<p>Charlotte Delaporte d\u00e9veloppe simultan\u00e9ment un travail de chor\u00e9graphe, d\u2019interpr\u00e8te, d\u2019assistante pour la danse et le th\u00e9\u00e2tre et d\u2019enseignante, car elle n\u2019a jamais dissoci\u00e9 cr\u00e9ation et formation. Depuis 2008, elle d\u00e9veloppe un axe plus sp\u00e9cifiquement d\u00e9di\u00e9 aux com\u00e9diens(nes). A la demande &hellip; <a href=\"https:\/\/www.metamarseille.fr\/?page_id=24\">Continuer la lecture <span class=\"meta-nav\">&rarr;<\/span><\/a><\/p>\n","protected":false},"author":2,"featured_media":0,"parent":0,"menu_order":1,"comment_status":"closed","ping_status":"closed","template":"","meta":[],"_links":{"self":[{"href":"https:\/\/www.metamarseille.fr\/index.php?rest_route=\/wp\/v2\/pages\/24"}],"collection":[{"href":"https:\/\/www.metamarseille.fr\/index.php?rest_route=\/wp\/v2\/pages"}],"about":[{"href":"https:\/\/www.metamarseille.fr\/index.php?rest_route=\/wp\/v2\/types\/page"}],"author":[{"embeddable":true,"href":"https:\/\/www.metamarseille.fr\/index.php?rest_route=\/wp\/v2\/users\/2"}],"replies":[{"embeddable":true,"href":"https:\/\/www.metamarseille.fr\/index.php?rest_route=%2Fwp%2Fv2%2Fcomments&post=24"}],"version-history":[{"count":62,"href":"https:\/\/www.metamarseille.fr\/index.php?rest_route=\/wp\/v2\/pages\/24\/revisions"}],"predecessor-version":[{"id":437,"href":"https:\/\/www.metamarseille.fr\/index.php?rest_route=\/wp\/v2\/pages\/24\/revisions\/437"}],"wp:attachment":[{"href":"https:\/\/www.metamarseille.fr\/index.php?rest_route=%2Fwp%2Fv2%2Fmedia&parent=24"}],"curies":[{"name":"wp","href":"https:\/\/api.w.org\/{rel}","templated":true}]}}

<p><span style="color: #cd0c2d;"><strong>Charlotte Delaporte</strong></span> développe simultanément un travail de chorégraphe, d’interprète, d’assistante pour la danse et le théâtre et d’enseignante, car elle n’a jamais dissocié création et formation.</p>
<p>Depuis 2008,<span style="color: #800080;"> <strong><span style="color: #cd0c2d;">elle développe un axe plus spécifiquement dédié aux comédiens(nes)</span>.</strong></span> A la demande de metteurs en scène, elle règle mouvements de scènes et parties chorégraphiques.</p>
<ul>
<li>Avec Laurent Cugny</li>
</ul>
<p style="padding-left: 60px;">assistante à la mise en scène et direction du mouvement de l&rsquo;opéra/jazz  <a title="photos, vidéos" href="https://www.metamarseille.fr/?page_id=77"><em>La tectonique des nuages</em></a> de Laurent Cygny, mise en scène François Rancillac, direction musicale Laurent Cugny avec David Linx, Laïka Fatien et Yann-Gaël Poncet présenté au Théâtre Graslin de Nantes et à Grand Théâtre d&rsquo;Angers (mars &#8211; avril 2015).</p>
<ul>
<li>Avec <strong><a href="http://www.akademia.fr/" target="_blank">Akadêmia</a></strong>, direction Françoise Lasserre,</li>
</ul>
<p style="padding-left: 60px;">collaboration chorégraphique et assistante à la mise en scène sur<em><a title="photos, vidéos" href="https://www.metamarseille.fr/?page_id=77"><span style="color: #000000;"> l&rsquo;opéra</span> Orféo par delà le Gange</a>,</em> mise en scène de François Rancillac, présenté à l&rsquo;Auditorium Kamani à Delhi (septembre 2013) et à la Cité de la musique à Paris (octobre 2013).</p>
<ul>
<li>Avec la<strong><a href="http://www.verdastrodellamonica.com/" target="_blank"> Cie Verdastro Della Monica</a></strong> de Florence dirigé par Massimo Verdastro,  collaboration aux mouvements de scène sur :</li>
</ul>
<p style="padding-left: 60px;">&#8211; le<a title="photos, vidéos" href="https://www.metamarseille.fr/?page_id=77"><em> Satyricon</em></a>, vision contemporaine du texte de Pétrone par 6 auteurs italiens. Entre 2008 et 2012, ces divers épisodes sont présentés au festival Fabbricca Europa (mai 2009),  festival de Cascina (juin 2010),  festival de Calenzano (septembre 2010) ;  en version complète de 4 heures au Teatro Vascello Rome (avril 2012) et au Festival Tramedautore au Piccolo teatro Grassi de Milan (septembre 2012).<br />
&#8211; <em>Saffo o il volo dell&rsquo;acrobata</em> inspiré de Marguerite Yourcenar avec Manuela Kustermann présenté au Teatro Vascello à Rome (mai 2013).</p>
<ul>
<li>Avec la <strong><a href="http://www.lefilrougetheatre.com/" target="_blank">Cie le Fil Rouge</a></strong> Théâtre de Strasbourg,</li>
</ul>
<p style="padding-left: 60px;">&#8211; collaboration à différentes <a title="photos, vidéos" href="https://www.metamarseille.fr/?page_id=77">créations</a> mises en scène par Eve Ledig depuis 2008,<br />
&#8211; intervention sur le mouvement lors des stages Afdas <em>Théâtre chanté, un chœur en mouvement</em> (une manière de conjuguer le théâtre, le chant et le mouvement) à Strasbourg (juillet 2010 et août 2013).</p>
<p><span style="color: #cd0c2d;"><strong>Parallèlement, elle poursuit son projet <em>Qui veut interpréter le solo multiple ?</em></strong> </span>avec le vidéaste Stéphane Metge. Ensemble, ils créent des soli vidéographiques liant la création et la transmission. Trois soli sont produits lors d&rsquo;une résidence de création à la Générale en Manufacture de Sèvres et d&rsquo;une autre à Strasbourg Département Danse de la ville.</p>
<p><a href="http://jacquette.net/meta/wp-content/uploads/2012/10/photos-essais-soloNB.jpg"><img loading="lazy" class="alignnone size-full wp-image-164" title="photos essais soloNB" src="http://jacquette.net/meta/wp-content/uploads/2012/10/photos-essais-soloNB.jpg" alt="" width="599" height="480" srcset="https://www.metamarseille.fr/wp-content/uploads/2012/10/photos-essais-soloNB.jpg 599w, https://www.metamarseille.fr/wp-content/uploads/2012/10/photos-essais-soloNB-300x240.jpg 300w, https://www.metamarseille.fr/wp-content/uploads/2012/10/photos-essais-soloNB-374x300.jpg 374w" sizes="(max-width: 599px) 100vw, 599px" /></a></p>
<p>En résidence pendant deux ans à la Faïencerie-Théâtre de Creil, elle crée, <span style="color: #800080;"><strong><span style="color: #cd0c2d;">en collaboration avec Edwige Wood</span></strong></span>, 3 pièces tout public. Ces spectacles bénéficient d’une large diffusion en France (1999-2009) avec environ 300 représentations (Tipi Beaubourg, Scènes Nationales, Scènes Conventionnées Danse, Bruges Capitale Européenne de la Culture).</p>
<p>Formée à diverses techniques de danse contemporaine, dont celle de Nikolaïs à travers l’enseignement de Carolyn Carlson, elle est l<strong>’<span style="color: #cd0c2d;">interprète</span></strong> de Karine Saporta, Sidonie Rochon et Maïté Fossen (1980-1988).</p>
<p>Dans le même temps, elle est l’<span style="color: #cd0c2d;"><strong>assistante</strong></span> de Karine Saporta, d’Isnel da Silveira et de Lorraine Gomes (1987-1990).</p>
<p><span style="color: #cd0c2d;"><strong>Elle chorégraphie par ailleurs 5 soli : </strong></span><em>Rituel</em> ; <em>Iynx </em>; <em>Cerceau</em> ; <em>Péone</em> ; <em>Errance</em> (1978-1984) et plus récemment <em>Low Fi Woman </em>(2004-2005) et réalise des performances en solo dans des galeries d’art en France et en Italie.<strong>                    </strong></p>
<p><span style="color: #cd0c2d;"><strong>ainsi que des pièces pour plusieurs danseurs :</strong></span><strong> </strong><em>33mn33</em> (duo) Théâtre de La Bastille Paris, Etoile du Nord Paris ; <em>Sogni d’oro</em> (trio) Théâtre 13 Paris ; <em>Sogni d’oro n°2</em> (quatuor et images vidéo) Gubbio ; <em>Viaggio verso l’alba</em> (quatuor) créé en Sardaigne après 4 mois de résidence (1983-1986).</p>
<p><strong></strong><span style="color: #cd0c2d;"><strong>En stages et en ateliers, elle enseigne</strong></span> aux étudiants de Paris VIII (1975-1986).<strong><em></em></strong> Elle co-dirige avec Edwige Wood (chorégraphe) et Christian Capelli (vidéaste) un atelier sur le mouvement et l’image dans le service pédiatrique de l’hôpital Laënnec de Creil dans le cadre de <em>Culture et Santé</em> (2002-2004).</p>
<p>Dans le cadre d’un projet <em>Politique de la Ville</em>, trois semaines de rencontres se déroulent autour du mouvement entre adultes, de tous âges, et enfants au Théâtre Dunois à Paris (2002-2003).</p>
<p>Depuis 6 ans, elle travaille plus spécifiquement avec des comédiens et comédiennes, chanteurs et chanteuses en instance ou en cours de création.</p>
<p><a href="http://jacquette.net/meta/wp-content/uploads/2012/10/photo1bis.jpg"><img loading="lazy" class="alignnone size-full wp-image-120" title="photo1bis" src="http://jacquette.net/meta/wp-content/uploads/2012/10/photo1bis.jpg" alt="" width="584" height="370" srcset="https://www.metamarseille.fr/wp-content/uploads/2012/10/photo1bis.jpg 584w, https://www.metamarseille.fr/wp-content/uploads/2012/10/photo1bis-300x190.jpg 300w, https://www.metamarseille.fr/wp-content/uploads/2012/10/photo1bis-473x300.jpg 473w" sizes="(max-width: 584px) 100vw, 584px" /></a></p>

<p>Charlotte Delaporte développe simultanément un travail de chorégraphe, d’interprète, d’assistante pour la danse et le théâtre et d’enseignante, car elle n’a jamais dissocié création et formation. Depuis 2008, elle développe un axe plus spécifiquement dédié aux comédiens(nes). A la demande &hellip; <a href="https://www.metamarseille.fr/?page_id=24">Continuer la lecture <span class="meta-nav">&rarr;</span></a></p>
